base 7) to base 8.
613146
What is 3321012123 (base 4) in base 14?
1c7b99
Convert 100001101011011000000 (base 2) to base 5.
240303202
1016542 (base 7) to base 10
122383
40416 (base 12) to base 16
14652
What is 22222212223 (base 4) in base 11?
163a700
-b211c (base 13) to base 10
-318759
11021100121 (base 3) to base 16
1487e
Convert 1100000100111101111 (base 2) to base 15.
7c3de
161a321 (base 11) to base 3
12012112112000
-100432444 (base 5) to base 12
-176712
Convert -51627012 (base 8) to base 14.
-1652b6a
-100012120022 (base 3) to base 15
-38a55
2030232 (base 5) to base 12
17260
What is -100000110010100010 (base 2) in base 14?
-36d34
Convert -5257 (base 16) to base 4.
-11021113
What is 4525220 (base 6) in base 5?
24314020
Convert 13235344 (base 6) to base 14.
b67a8
2312683 (base 10) to base 3
11100111101221
770 (base 12) to base 16
444
4ba30 (base 12) to base 11
70786
What is 2140305 (base 6) in base 13?
39566
-3133032203 (base 4) to base 5
-213224324
Convert 324324 (base 6) to base 14.
9b40
Convert -17386b (base 12) to base 5.
-100303103
What is 38224 (base 13) in base 5?
11304002
Convert -790c4a (base 14) to base 11.
-235a118
Convert 3e7d3 (base 15) to base 2.
110001000011000010
503272 (base 13) to base 12
75a4a7
-16b5c9 (base 15) to base 6
-35335500
Convert 2b7640 (base 14) to base 12.
612a34
Convert 1125263 (base 7) to base 16.
2273c
What is 10031300110 (base 4) in base 9?
2063584
21111245 (base 7) to base 12
720795
Convert -24c31f (base 16) to base 3.
-11112101212101
-c1097 (base 14) to base 11
-29756a
Convert -632891 (base 10) to base 16.
-9a83b
What is 43a2a8 (base 14) in base 16?
2302fc
What is 12221303 (base 6) in base 2?
1011111101000100111
What is 15200202 (base 6) in base 10?
528842
What is -116565 (base 7) in base 9?
-32513
What is 1cec91 (base 16) in base 9?
3508207
What is 677414 (base 8) in base 4?
313330030
2121222 (base 4) to base 10
9834
What is -20d6f0 (base 16) in base 8?
-10153360
Convert 10201022201122 (base 3) to base 6.
110153542
What is 300244401 (base 5) in base 9?
2200303
What is 1413111 (base 6) in base 14?
210c3
Convert -1a92407 (base 12) to base 3.
-101122210212121
Convert -12120122221 (base 3) to base 5.
-12003314
3289969 (base 13) to base 12
522226a
What is 98101 (base 12) in base 7?
1463551
100310204 (base 5) to base 16
61d27
Convert -10ad0 (base 14) to base 15.
-c03d
Convert -1000010110001011100110 (base 2) to base 4.
-20112023212
Convert -3770924 (base 10) to base 5.
-1431132144
-499ce (base 15) to base 10
-235094
Convert -3346035 (base 8) to base 9.
-1627320
What is 759373 (base 10) in base 12?
307551
What is -47973a (base 13) in base 16?
-1a0878
What is 1315312 (base 7) in base 3?
22202102001
440356 (base 9) to base 7
2142663
Convert -611a48 (base 11) to base 15.
-146645
10b0b1 (base 12) to base 14
6d92d
What is 608460 (base 10) in base 7?
5112636
Convert -23bb12 (base 12) to base 3.
-1002111021012
-55a0 (base 12) to base 15
-2c20
Convert 68061 (base 13) to base 4.
232021131
-467b7 (base 12) to base 6
-2005151
Convert -1020200112210 (base 3) to base 4.
-2201320110
-3116211 (base 7) to base 12
-160753
-316a35 (base 14) to base 4
-12113303113
949134 (base 10) to base 15
13b359
239434 (base 14) to base 2
100101000111110100110
Convert 214169 (base 12) to base 5.
113304122
What is -1001001110101001111 (base 2) in base 15?
-5e910
What is -676725 (base 9) in base 6?
-12403505
What is 10100000001011011111 (base 2) in base 7?
5401546
Convert -2230131101 (base 4) to base 16.
-ac751
What is 1202011011202 (base 3) in base 2?
11100010100110010001
What is -4234334 (base 5) in base 15?
-1617e
Convert -1110001001111101100101 (base 2) to base 6.
-211311421
Convert -127d11 (base 14) to base 13.
-1938ac
What is -215351203 (base 6) in base 9?
-7307253
68b3 (base 14) to base 3
220221200
What is -35554846 (base 9) in base 11?
-9872138
Convert -526757 (base 8) to base 10.
-175599
What is 4334314400 (base 5) in base 7?
141656641
What is 1220021221120 (base 3) in base 13?
294717
Convert 12001010002011 (base 3) to base 15.
37dc3d
What is -2420403001 (base 5) in base 7?
-65630646
Convert 1592c6 (base 14) to base 4.
2320113132
Convert 1c599a (base 15) to base 16.
1525c0
What is -a17b5 (base 15) in base 3?
-221222110122
Convert -46c296 (base 13) to base 6.
-100025203
Convert 1423020 (base 6) to base 12.
3aa70
Convert 4287 (base 14) to base 3.
120202110
Convert 7e448 (base 15) to base 3.
202110020212
Convert -3431650 (base 8) to base 14.
-1a3288
5479a4 (base 11) to base 4
3111131203
Convert -21b426 (base 12) to base 5.
-114204024
-35026251 (base 7) to base 6
-145413500
What is a6b4e7 (base 16) in base 5?
10244102122
What is 1010110001001110001 (base 2) in base 6?
11321413
-5401378 (base 9) to base 7
-33413420
Convert -234077 (base 8) to base 7.
-452022
What is 1db39 (base 15) in base 14?
27509
What is 3053233 (base 8) in base 11?
502574
12022203 (base 5) to base 3
12122011110
What is 42624016 (base 7) in base 2?
1101110111110100010011
What is -1019548 (base 12) in base 4?
-23202003020
What is -106768 (base 14) in base 5?
-120241002
-1ac541 (base 14) to base 13
-276167
What is 136973 (base 16) in base 9?
2348082
Convert 3692526 (base 11) to base 6.
345303541
-b2fd8e (base 16) to base 9
-24057866
Convert 1a5a2 (base 11) to base 6.
340420
What is 10220121200 (base 3) in base 13?
29079
Convert 101011111111111101101 (base 2) to base 10.
1441773
-10733352 (base 9) to base 6
-303503332
What is -255735 (base 9) in base 5?
-14431042
293b741 (base 12) to base 14
115c6d3
Convert 3b85a (base 13) to base 14.
2c7a5
What is 2b9b54 (base 13) in base 10?
1078458
Convert -23312022320 (base 4) to base 9.
-5752805
1084862 (base 9) to base 14
11419b
What is -768c1 (base 15) in base 10?
-376606
Convert 386153 (base 9) to base 5.
24443023
What is -22614447 (base 8) in base 6?
-253253211
62215545 (base 8) to base 13
2965c8b
Convert -bdd6d (base 14) to base 6.
-13513433
Convert 2954501 (base 10) to base 9.
5502728
What is 4b29c6 (base 16) in base 3?
100021021001112
Convert 102210211202020 (base 3) to base 13.
13b96a2
What is 275066a (base 11) in base 10?
4744486
Convert -210141341 (base 5) to base 16.
-d33c5
What is 242103034 (base 6) in base 10?
4580734
What is 15708 (base 11) in base 10?
22151
What is 1253222 (base 6) in base 5?
4210142
Convert 2314742 (base 11) to base 6.
222424421
Convert 140100331 (base 6) to base 4.
22231113133
What is 213333404 (base 5) in base 3?
1201122020020
Convert 10010010000101010100110 (base 2) to base 5.
2211134404
2575231 (base 9) to base 10
1407889
What is 223c2 (base 14) in base 2?
10100010010000110
Convert -1532328 (base 9) to base 15.
-11b44b
4000314 (base 5) to base 10
62584
102020003212 (base 4) to base 15
63cd2a
2100012022 (base 3) to base 15
d9b5
What is 16344 (base 9) in base 4?
2233102
-2128276 (base 9) to base 10
-1141116
Convert 104211430 (base 5) to base 12.
1a2414
Convert -b094 (base 14) to base 9.
-45522
Convert 188270 (base 10) to base 9.
316228
What is -658dd (base 14) in base 10?
-245979
Convert -2b8cb1 (base 13) to base 3.
-2000200200120
What is 7ba088 (base 13) in base 16?
2cca08
What is -254b62 (base 12) in base 15?
-c0aae
Convert 6f051 (base 16) to base 14.
bba13
What is -213332123 (base 4) in base 14?
-43959
Convert -12456454 (base 7) to base 5.
-242442432
112323223132 (base 4) to base 10
6011614
What is 5034718 (base 10) in base 14?
950b4a
-11432020 (base 5) to base 12
-52881
Convert 5c5c04 (base 16) to base 13.
133c0a3
15a9132 (base 11) to base 7
32151546
What is 11b60c (base 13) in base 7?
3420130
110101100100110000 (base 2) to base 10
219440
24212214 (base 5) to base 12
aa8ba
-4570a (base 13) to base 5
-13021142
Convert -300113112 (base 5) to base 9.
-2182182
What is 1011011110110100111101 (base 2) in base 13?
814ca2
What is -123591 (base 14) in base 8?
-2302573
Convert -74d3de (base 15) to base 4.
-111032020010
Convert -101012101 (base 3) to base 4.
-1310023
-101110011111001 (base 2) to base 7
-126251
Convert 22b01 (base 13) to base 15.
13ba1
Convert -12436332 (base 10) to base 7.
-210464346
11202202010011 (base 3) to base 4
21222223021
What is 5a0c7 (base 14) in base 2?
110101101000101111
Convert -17b2b6 (base 13) to base 6.
-20434402
1cedb (base 15) to base 16
17111
59774 (base 13) to base 9
268